 6*o + 3. Let b(y) = 4*u(y) + 3*z(y). Let d be b(-5). What is the units digit of 0 - -2 - (-1 - d)?
1
Suppose -36 - 4 = 4*g. Let y be -1*g/(-4)*-2. Suppose 0 = -m + 2*o + 19, 0 = m - y*o - 14 - 20. What is the units digit of m?
9
Let j(h) = -h**3 + 12*h**2 - 10*h - 4. Let x be j(11). Let w = x + -6. What is the units digit of w?
1
Suppose -5*m + 4*w = -2, 2*w = 4 - 0. Let q be (m + 7)*-1 + -1. Let b = q + 16. What is the units digit of b?
6
Let l = 29 + -25. What is the tens digit of 2*(l - 111/(-6))?
4
Suppose -4*y - 204 = -2*q, 0*q - y = 2*q - 189. What is the units digit of q?
6
What is the units digit of 8/6*(-3)/(-1)?
4
Let f be ((-9)/(-2))/((-1)/(-2)). Suppose -q = -0*q - f. What is the units digit of 1*(-1 - 0) + q?
8
Let x(h) be the second derivative of h**4/24 - 5*h**3/6 - h**2/2 + h. Let k(q) be the first derivative of x(q). What is the units digit of k(7)?
2
Let v(u) = -u - 4. Let w be v(0). What is the units digit of ((-1)/w)/(2/8)?
1
Let d(m) = 2*m**2 + 16*m + 10. Let j be d(-10). Let u = -29 + j. What is the tens digit of u?
2
Let m = -70 - -119. What is the units digit of m?
9
Let c = 6 + -4. Suppose -c*l + l + 16 = 0. What is the tens digit of l?
1
Suppose -4*v = n - 135, -1 = 2*n - n. What is the tens digit of v?
3
Let u be ((-11)/3)/(2/(-6)). Let t = u + -8. Suppose -p + 8 = f, -t*f + 37 - 8 = 4*p. What is the units digit of p?
5
Let x(y) = 2*y**2 - 3*y + 5. Let g(b) = -b**2 + b - 1. Let h(v) = -4*g(v) - x(v). Let q be h(2). Let d = q + 0. What is the units digit of d?
5
Let o = 7 - 5. Let z = 9 - o. What is the units digit of z?
7
Let x be (-1)/((1/2)/1). Suppose 3*y - 4*y = 2. What is the units digit of (1*y)/x*7?
7
Let h(x) = -x**3 + 8*x**2 - 5*x + 9. What is the tens digit of h(7)?
2
Suppose -135 = -3*a - 24. What is the tens digit of a?
3
What is the tens digit of (-2)/(-3) + ((-1893)/(-9) - -6)?
1
Suppose 24 + 36 = 3*k. Let p(w) = -w**2 - 6*w - 3. Let x be p(-5). Suppose 0 = x*r + 2*r - k. What is the units digit of r?
5
Suppose -2*c + 3*t - 4*t = 4, 4 = c - t. Let x = 4 - c. What is the units digit of x?
4
Let f = 18 - 5. Let g(r) = r**2 - 14*r + 15. What is the units digit of g(f)?
2
Suppose -4*z - 30 + 108 = 3*f, 3*z + 2*f = 59. Suppose 0 = -3*v + z - 9. What is the units digit of v?
4
Suppose 0*j + 15 = 3*j. Suppose 3*n - j*n = -2. Suppose -1 = -r + 5*h, -2*r + n = -r + 4*h. What is the units digit of r?
1
Suppose 2*c - c = 2. Suppose 3*t - 20 = -c*t. Let l = t - 2. What is the units digit of l?
2
Let a = -13 - -19. Suppose -a*j = -3*j - 9. What is the units digit of j?
3
What is the units digit of (-2 - -1) + (7 - -30)?
6
Let k(w) = -w**2 + w + 3*w**3 + 6*w**3 - 5*w**3. Let m be k(1). Suppose -i + 15 = m*i. What is the units digit of i?
3
Suppose -4*g - g + 235 = 0. What is the units digit of g?
7
Let q(x) = 0*x - 6 - x + 18. Suppose -3*s - 6 = -4*f - 39, 2*s = -5*f - 1. What is the units digit of q(s)?
5
Let z = 5 + -5. Suppose z*r + 23 = r. What is the units digit of r?
3
Suppose 4*f - 6 = 2*f - 4*l, 5*f = 2*l - 45. Let w = f + 3. Let p = 5 + w. What is the units digit of p?
1
Let f(s) = -s - 8. Let p be f(-7). Let r(y) = -6*y**3 - y**2. What is the units digit of r(p)?
5
Suppose 3*z - 11 = -2. Suppose z*c + 5*i - 3 = -1, -c - 5*i = 6. What is the units digit of c?
4
Let k = -14 + 64. Suppose -2*q + k = 3*q. What is the units digit of q?
0
Let z = 8 + -14. Let k be 3/(2/(8/z)). What is the units digit of -1 - ((k - -2) + -9)?
8
Suppose 0 = -4*j + 144 - 12. Suppose x + 3 = 3*v - v, -5*x - 2*v = -j. What is the units digit of x?
5
Let h = -3 + 4. Suppose h = -2*u - 3*l + 21, u + 5*l = -4. What is the tens digit of u?
1
Let n(d) = -d**2 - 3*d + 72. What is the units digit of n(0)?
2
Let o = -75 - -441. What is the units digit of o?
6
What is the hundreds digit of ((-31)/2)/((-10)/140)?
2
Let b(u) = 3*u + 1. What is the tens digit of b(9)?
2
Let c(r) = 3*r + 3*r - 3*r - 2*r - 2. What is the units digit of c(9)?
7
Let d(r) = 210*r**2 + 6*r + 5. What is the hundreds digit of d(-1)?
2
Suppose 0 = 2*b + 1 + 9, -q + 25 = -5*b. Let p(j) = j**3 - j + 8. Let s be p(q). What is the units digit of (s/5)/((-4)/(-20))?
8
Suppose 2*x = -2*t + 26, 16 + 18 = 2*t + 4*x. Suppose i + 57 = 2*v, 4*v = -5*i - t + 88. What is the tens digit of v?
2
Let l = 1 - 0. Let q = l + 12. What is the units digit of q?
3
Suppose 0 = -2*m + 6*m. Let f be m*2/(-4) - -9. What is the units digit of (-15)/f*-3 - 1?
4
Let h(x) = 2*x**2 + 3*x + 2. Let z(n) = n**2 - 3*n - 1. Let w be z(4). What is the tens digit of h(w)?
2
Suppose 4*q - 87 - 41 = 0. Suppose -2*o + q = -3*d, -7 = -5*d - 27. What is the tens digit of o?
1
Let b = 262 - 162. What is the hundreds digit of b?
1
Suppose p = 2*p - 4. Suppose -5*f = -6*f - p. Let k(i) = -6*i - 4. What is the units digit of k(f)?
0
Let y = 4 - -4. Suppose 0 = -0*k - k + y. What is the units digit of k/(-3)*(-6)/4?
4
Let k(s) = -8*s + 14. What is the tens digit of k(-7)?
7
Let k(u) = -3*u + 15. What is the units digit of k(-22)?
1
Let b(v) = v**3 - 10*v**2 + 17*v + 5. What is the tens digit of b(8)?
1
Let k(t) = -6*t - 12. Let f(s) = -1. Let a(p) = 15*f(p) - k(p). What is the tens digit of a(5)?
2
Let b(z) = z - 1. Let m be b(7). Let s(w) = w. Let d(g) = 5*g + 3. Let f(k) = -d(k) + 6*s(k). What is the units digit of f(m)?
3
Let z(c) = -2*c - 3*c + c**2 + 3 + 0*c. Let p be z(5). Suppose -4 - p = -v. What is the units digit of v?
7
Let f(h) = h**2 + 7*h + 6. Let w be f(-6). Suppose w = -2*r + 4 + 4. What is the units digit of r?
4
Let k = 137 + -60. What is the units digit of k?
7
Let y be 5/2*(-2 + 4). Let o(q) = -q + 15. Let k be o(11). Suppose -5*m + 24 = k*i, -2*i + 8 = -y*m - 4. What is the units digit of i?
6
Let l(d) = 2*d**2 + 18*d + 10. Let s be l(-8). What is the units digit of (-3)/(s*(-1)/(-80))?
0
What is the units digit of -1 - (-19 - 9/3)?
1
Let d = 25 + -17. Let b(g) = -g + 12. Let h be b(d). Let o = h - 3. What is the units digit of o?
1
Let t = 5 - 0. Suppose 11 = 3*b - u, 0 = -5*b + b - t*u + 40. Suppose -k - 30 = -4*m, -b*k = -3*m - 3*k + 20. What is the units digit of m?
8
Let m(h) = -4*h - 4 + h + h - 6*h. Let p be m(-7). Suppose 0 = -2*r - j + 33, 2*r + r = -4*j + p. What is the tens digit of r?
1
Let h be ((-84)/(-18))/(4/6). Suppose -h*v + 2 = -6*v. What is the units digit of v?
2
Let s = 8 + -21. Suppose -72 = -4*l + l. Let v = s + l. What is the tens digit of v?
1
Let u(z) = 5*z - 1. Let a be u(4). Suppose 3*t + 55 = a. Let f = -2 - t. What is the tens digit of f?
1
Let f(m) = -m**3 + 6*m**2 - 2*m + 7. Let y be f(6). What is the tens digit of (-151)/y + 36/45?
3
Suppose -4*k + 519 = 99. What is the hundreds digit of k?
1
Let r(y) = 3*y**2 + 4*y + 6. What is the units digit of r(-3)?
1
Suppose -2*g + 257 = -p, 267 = 2*g + p - 0*p. What is the units digit of g?
1
Let p = -45 - -97. Suppose 0*v + p = 4*v. What is the tens digit of v?
1
Let r(z) = -31*z - 42. What is the tens digit of r(-6)?
4
What is the units digit of (63/(-18))/(1/(-2))?
7
What is the units digit of (1*-6)/(-3) + 89?
1
Suppose -3*g + 5 = w, -2*g = -w + g - 13. What is the units digit of 27 - 2 - (w - -3)?
6
Let f(s) = -s**2 - 6*s + 3. Suppose 11 = -4*m - 17. Let d be f(m). Let o(k) = k**2 + 2*k - 4. What is the units digit of o(d)?
4
Let y = 300 + -125. What is the tens digit of y?
7
Let t be 26/13*54/4. Let n(d) = -d**2 - 17. Let v be n(0). Let g = t + v. What is the tens digit of g?
1
What is the units digit of ((-188)/(-12))/((-7)/(-21))?
7
Suppose z = 13 - 11. Suppose 0 = -v - 4*d + 28, z*v + 2*d = 126 - 40. What is the tens digit of v?
4
Let a = -12 + 17. Let j be 3/(-1 - a/(-2)). Suppose -2*v = j*v - 24. What is the units digit of v?
6
Suppose m - 4*j - 18 = j, 4*m - j = -4. Let v(z) = -z**3 - 2*z**2 - z + 2. Let l be v(m). Let f(n) = -n**2 + 5*n + 3. What is the units digit of f(l)?
7
Let b be 4/((30/(-27))/5). Let q = 45 + b. Suppose g + 2*g - q = 0. What is the units digit of g?
9
Let i(g) = -g**3 - 8*g**2 + 11*g + 9. Let l be i(-9). Let k be 2 - (l + 1)/(-1). What is the units digit of (-6)/(-9) + (-44)/k?
8
Let j(z) = 3*z**2 + 7*z - 21. What is the hundreds digit of j(-11)?
2
Let r be 22/(-4)*(-6)/3. Let d = r + -8. What is the units digit of -3*-3*2/d?
6
Let a(r) = -80*r - 3. What is the hundreds digit of a(-2